?
18
Calculate the highest common divisor of 27268 and 544.
68
Calculate the greatest common divisor of 820 and 6060.
20
Calculate the highest common divisor of 1282 and 6345900.
1282
Calculate the highest common factor of 318461 and 858.
143
Calculate the greatest common factor of 129000 and 17544.
1032
Calculate the greatest common divisor of 26910 and 312.
78
What is the highest common divisor of 580 and 3007300?
580
What is the greatest common factor of 5402 and 2257?
37
Calculate the greatest common factor of 18772 and 49400.
988
Calculate the greatest common divisor of 1515 and 1335.
15
What is the highest common divisor of 70304 and 8320?
416
What is the greatest common factor of 40729 and 507?
169
What is the highest common factor of 754 and 2158?
26
Calculate the greatest common factor of 35404 and 6513.
167
What is the highest common divisor of 31155 and 31620?
465
Calculate the highest common divisor of 5454 and 1152612.
1818
Calculate the highest common factor of 5536 and 11552.
32
Calculate the highest common divisor of 4986 and 162.
18
What is the highest common factor of 194382 and 72?
18
Calculate the greatest common factor of 72355 and 2320.
145
What is the highest common divisor of 179003 and 44?
11
What is the highest common divisor of 6912 and 1539?
27
Calculate the greatest common divisor of 55 and 89485.
55
Calculate the greatest common divisor of 2 and 314356.
2
What is the highest common factor of 414 and 7308?
18
What is the greatest common factor of 513 and 139004?
19
Calculate the greatest common divisor of 1518552 and 483.
483
Calculate the greatest common factor of 5698 and 28453.
37
What is the greatest common factor of 312 and 195?
39
What is the greatest common factor of 2324 and 38724?
28
Calculate the greatest common divisor of 42 and 2198.
14
What is the highest common factor of 1316875 and 49?
49
Calculate the highest common factor of 5356450 and 55.
55
Calculate the greatest common divisor of 18356 and 1404.
52
What is the greatest common divisor of 42319 and 35249?
101
Calculate the highest common factor of 73793 and 109.
109
What is the highest common factor of 19206 and 25938?
198
What is the greatest common divisor of 9052 and 248?
124
What is the highest common factor of 72 and 9333?
9
What is the highest common factor of 3395691 and 45?
9
What is the greatest common divisor of 234468 and 91?
13
What is the highest common divisor of 779 and 228?
19
Calculate the highest common factor of 887924 and 564.
188
What is the highest common divisor of 4147387 and 1492?
373
What is the greatest common factor of 60897 and 265?
53
Calculate the greatest common factor of 7626 and 18042.
186
Calculate the greatest common divisor of 104085 and 13107.
771
What is the highest common divisor of 37 and 651?
1
What is the highest common factor of 5019 and 42?
21
What is the highest common divisor of 56 and 29126216?
56
Calculate the highest common divisor of 4706 and 10449673.
2353
What is the greatest common divisor of 918 and 2550?
102
What is the greatest common factor of 2756 and 8?
4
What is the highest common divisor of 14256 and 352?
176
Calculate the highest common factor of 20685 and 1305.
15
Calculate the highest common factor of 290124 and 162.
18
What is the highest common divisor of 24718 and 714?
34
What is the greatest common factor of 7 and 96159?
7
Calculate the highest common divisor of 5681 and 19.
19
What is the highest common divisor of 36948 and 84?
12
Calculate the greatest common factor of 5150 and 2678.
206
Calculate the greatest common divisor of 2006485 and 26.
13
Calculate the greatest common factor of 2 and 2297.
1
What is the highest common divisor of 17325 and 1419?
33
What is the highest common factor of 325152 and 192?
96
Calculate the highest common factor of 24 and 107346.
6
Calculate the greatest common factor of 2 and 2879.
1
Calculate the greatest common factor of 131001 and 325.
13
Calculate the greatest common divisor of 1457 and 58609.
47
What is the greatest common factor of 187 and 344476?
11
What is the highest common divisor of 24244 and 179626?
1102
What is the greatest common divisor of 828 and 5612?
92
What is the highest common factor of 336 and 132892?
4
Calculate the highest common factor of 15554 and 70.
14
Calculate the greatest common divisor of 692029 and 65.
13
What is the greatest common divisor of 640 and 19920?
80
Calculate the highest common factor of 12865 and 1860.
155
What is the highest common factor of 3 and 529?
1
What is the greatest common factor of 417 and 108142?
139
What is the greatest common factor of 316 and 1416628?
316
Calculate the greatest common factor of 8172 and 225.
9
Calculate the highest common factor of 1184088 and 206.
206
Calculate the highest common factor of 72496 and 736.
368
What is the greatest common divisor of 7640 and 530?
10
Calculate the highest common factor of 120 and 328920.
120
Calculate the greatest common divisor of 9810 and 3030.
30
Calculate the greatest common factor of 12349 and 2438.
53
Calculate the highest common factor of 100995 and 330.
15
What is the highest common factor of 576 and 684?
36
Calculate the greatest common factor of 3999349 and 191.
191
Calculate the greatest common factor of 91365 and 15.
15
What is the highest common divisor of 19 and 164483?
19
What is the highest common factor of 288624 and 42?
42
What is the highest common divisor of 5 and 177725?
5
What is the greatest common divisor of 279 and 15975?
9
Calculate the highest common factor of 8898 and 162.
6
What is the highest common factor of 112 and 227024?
112
Calculate the highest common factor of 76383 and 966.
69
Calculate the highest common factor of 9216 and 7056.
144
Calculate the highest common factor of 2227 and 4716.
131
What is the highest common factor of 30 and 180870?
30
Calculate the greatest common divisor of 55370 and 46550.
490
Calculate the highest common factor of 4233 and 2193.
51
What is the greatest common divisor of 8749 and 65954?
673
What is the highest common divisor of 72 and 11568?
24
Calculate the greatest common factor of 300 and 3700300.
100
Calculate the highest common factor of 1840 and 493920.
80
Calculate the highest common factor of 22095 and 21765.
15
What is the greatest common divisor of 4024 and 144?
8
Calculate the highest common factor of 520 and 23192.
104
Calculate the highest common factor of 693 and 103194.
63
What is the greatest common factor of 30 and 983910?
30
Calculate the greatest common factor of 780 and 1508.
52
What is the greatest common factor of 186263 and 902?
451
Calculate the greatest common divisor of 3320 and 118441.
83
What is the highest common factor of 3450 and 99291?
69
Calculate the highest common factor of 740 and 1034520.
740
Calculate the greatest common divisor of 19807 and 12977.
683
Calculate the highest common divisor of 7112 and 2240.
56
Calculate the greatest common factor of 1050731 and 5192.
649
What is the greatest common divisor of 362154 and 78?
78
Calculate the highest common factor of 153 and 6165.
9
Calculate the greatest common divisor of 1872 and 1512.
72
What is the highest common factor of 56398 and 1730?
346
Calculate the greatest common divisor of 4263 and 1134.
21
What is the greatest common factor of 310 and 15790?
10
Calculate the highest common divisor of 865767 and 63.
21
Calculate the highest common divisor of 2890 and 986.
34
What is the highest common divisor of 1990916 and 8?
4
What is the highest common factor of 39423 and 1581?
51
Calculate the highest common factor of 948244 and 308.
44
Calculate the highest common divisor of 84 and 226524.
12
Calculate the greatest common factor of 826821 and 54.
27
Calculate the greatest common divisor of 4151866 and 3532.
1766
Calculate the greatest common factor of 487 and 11.
1
Calculate the greatest common divisor of 15624 and 13104.
504
What is the highest common factor of 506 and 5793194?
506
Calculate the greatest common factor of 1120620 and 684.
228
Calculate the highest common divisor of 1501820 and 610.
610
What is the highest common divisor of 210 and 26810?
70
Calculate the highest common divisor of 325 and 4325.
25
Calculate the highest common divisor of 1156024 and 83.
83
Calcula